e second derivative of h**3/6 + h**2/2 - 422*h. Let a = 7 + -2. Suppose a*t = 2*t - 9. Calculate o(t).
-2
Let d(s) = 2*s**2 + s - 4. Let v(l) = -2*l**3 + 3*l**2 - 1. Let j be v(2). Give d(j).
41
Suppose 0 = -2*h - h. Let g(d) = -30*d**2 - 4*d**3 + 3*d**3 - 141 + 31*d**2 + 144. Give g(h).
3
Let n(a) = -10*a**3 - a**2 - a. Let h be 15*(-2)/18 + 4/6. Give n(h).
10
Let r(m) = -13*m + 91. Let n be r(7). Let o(u) be the third derivative of -1/6*u**3 + 0*u - 5*u**2 + n - 1/12*u**4. Calculate o(1).
-3
Let k(c) = c**3 + 8*c**2 - 17*c - 12. Let d(n) = -3*n**3 - 23*n**2 + 48*n + 35. Let y(b) = -6*d(b) - 17*k(b). Determine y(0).
-6
Let p(z) = -z + 4. Suppose 4*b + h + 2*h - 56 = 0, -16 = 4*h. Let a(v) = 2*v**3 - 3*v**2 - 2*v - 4. Let n be a(3). Let f = b - n. Calculate p(f).
4
Let x(p) = -5*p - 9. Let n(u) = 6*u + 10. Let s(j) = -18*j - 30. Let g(z) = 11*n(z) + 4*s(z). Suppose 4*l + 3 = 23. Let o(a) = l*x(a) - 4*g(a). Calculate o(0).
-5
Suppose -25*w + 11*w + 42 = 0. Let q(t) = t**3 - 6*t**2 + 7*t - 1. What is q(w)?
-7
Let b(y) = 2*y**2 + 25*y - 17. Suppose 0*q = -2*q - 26. Determine b(q).
-4
Let c(u) = 2*u**2 - u. Let g be c(0). Suppose -s + 1 = g, -b - 4*s + 10 = 4. Let n(j) = -8*j - j**2 + 2 + 3 - j + 2*j**b. What is n(6)?
-13
Suppose j - f = 7, f - 6 - 2 = -4*j. Suppose -3*v + 11*v = 128. Suppose k + 4*d - 2 = 0, j*d - d - v = -3*k. Let o(w) = w**3 - 6*w**2 - 3*w + 5. Give o(k).
-13
Let d(n) = -n**3 - 18*n**2 + 70*n**2 + 3 - n - 21*n**2 - 1 - 32*n**2. Determine d(-2).
8
Suppose 0 = 4*u - 3*d, -d + 0*d + 4 = 0. Let y = 7 - u. Let b(g) = y*g + 0*g - 3*g. Give b(-6).
-6
Let d(x) = -14*x**2 + 2*x - 3. Let w(y) = -5*y**2 - 1. Let r(m) = d(m) - 5*w(m). Determine r(-2).
42
Let w(b) = 2 - 5*b - 2*b + 2*b + 2*b. Let d(z) = z**3 + 3*z**2 - 2*z + 4. Let s be d(-4). Let r = s + 6. What is w(r)?
-4
Let w(t) = -2*t + 1 - 715*t**2 + 734*t**2 + 3*t + t. Determine w(-1).
18
Suppose -14*b + 12*b + 60 = 0. Suppose -17*k = -12*k - b. Let a(m) = -m**3 + 6*m**2 - m + 2. Calculate a(k).
-4
Let d(i) = -i**3 + 6*i**2 - 4*i - 6. Let z(v) = -v - 2. Let k be z(-7). Determine d(k).
-1
Let u(l) be the first derivative of -l**3/3 + l**2 + 6*l + 779. Calculate u(7).
-29
Let d(n) = -n**2 - 16*n + 107. Let q be d(-21). Let g(l) = -4*l - 3*l**2 + 0*l + 3 + l**3 + 2*l. Determine g(q).
-5
Let q(j) be the first derivative of j**5/2 + j**4/12 - j**3/6 + 9*j + 8. Let h(u) be the first derivative of q(u). What is h(1)?
10
Let l(p) = -p**3 + p**2 + 6. Let n be l(0). Let t(i) = -i + 4. Let q(j) = -j + 5. Let f(v) = -5*q(v) + 6*t(v). Calculate f(n).
-7
Let g(c) = 5 + 0*c - c - 16 + 8. Give g(-4).
1
Let r(l) = -7*l**2 - 10*l - 1. Let y(j) = -11*j**2 - 15*j - 2. Let c be (-18)/(-81) - (-140)/18. Let s(v) = c*r(v) - 5*y(v). Give s(-5).
2
Let s(r) = 2*r**2 + 8*r. Let k(d) = -d**3 + 4*d**2 - 4*d + 9. Let t be k(4). Give s(t).
42
Suppose 0 = -5*k - 6*u + 2*u + 2898, -5*k + 2886 = -2*u. Let b(z) = k + z - 579 - 5*z + z. Determine b(3).
-10
Let n(q) = -15*q - q**2 + 11 + 0*q**2 + 2*q**2 - 1. Let d be n(14). Let o(u) = -u**3 - 3*u**2 + 4*u + 5. Calculate o(d).
5
Let r(m) = 7*m**2 + m - 9. Let d(x) = x**2 - x. Let i(b) = -6*d(b) + r(b). Give i(-7).
-9
Let t(b) be the first derivative of -10 + 2*b**2 - b**3 + 5*b - 1/4*b**4. What is t(-4)?
5
Let x(g) = 2*g + 4. Suppose -5*b - 13 - 12 = -4*o, -o + 5 = -b. Determine x(o).
4
Let g(t) = -3*t + 5*t - t + 0*t. Let d be g(6). Suppose -z + d = z. Let a(o) = o**2 - o - 1. Calculate a(z).
5
Let t(o) = -12*o + 1. Suppose 0 = -65*n + 70*n + 5. Calculate t(n).
13
Let s(o) = 35 + 231*o - 106*o + 16 - 123*o. Give s(-29).
-7
Suppose 3*l + 7 - 8 = m, 17 = -l - 4*m. Let g(z) = z - 2. Determine g(l).
-3
Let u(f) = -2*f**2 + 2*f**2 - 1174 + 1156 + 2*f**2 - 12*f. Give u(8).
14
Let b(h) = -444*h + h**2 - 438*h + 4 + 881*h. Give b(4).
16
Let k(b) = -12*b + 1. Suppose 5*o + 16 = -y + 25, -5 = -5*y - 5*o. Give k(y).
13
Suppose 0 = 3*m - 12, 3*i + 5*m - 5 = -12. Let n(s) = s + 17. What is n(i)?
8
Let l(u) = -5*u - 7*u + 92 - u**2 - 186 + 88. What is l(-12)?
-6
Let q(u) = 9*u + 9. Let j(f) = -1. Let i(l) = -6*j(l) - q(l). Determine i(4).
-39
Let a(v) be the first derivative of v**3/3 - 17*v**2/2 + v - 184. What is a(15)?
-29
Suppose -5*t + 0*t - 4*z + 14 = 0, 8 = -2*t - 5*z. Let x = 9 - t. Let r be 3*-1 + (7 - x). Let f(p) = -2*p**3 + p. Calculate f(r).
-1
Let z(q) = -6*q - 2. Let m(s) = -2*s - 1. Let f(g) = -5*m(g) + z(g). What is f(4)?
19
Let v(b) = 9*b**3 + b**2 + 7*b - 2. Let t(l) = -7*l**3 - l**2 - 6*l + 2. Let j(h) = -4*t(h) - 3*v(h). Calculate j(0).
-2
Let u be (1/(2/104))/((-1)/(-2)). Let b = u - 103. Let v(a) = 3*a**3 + 0 + 1 + 3*a - 4*a. Determine v(b).
3
Suppose -2*m - 16 = -4*p - 0*p, 3 = 3*p + 3*m. Let a(l) = -680 - 3*l - 2*l**p + 3*l**2 + 3*l**3 + 679. Determine a(-2).
9
Let x(r) = r**3 + 5*r**2 + 6*r. Let t(m) = -m + 1. Let h(w) = w**3 - 11*w**2 - 16*w - 3. Let q(j) = -h(j) + 5*t(j). Let l be q(12). Determine x(l).
-8
Let z(h) = -6*h**2 - 2*h - 1. Let k(l) = 2*l**2 + 104*l - 217. Let q be k(-54). Calculate z(q).
-5
Let m = 902 - 904. Let r(q) = -6*q**2 + q - 1. What is r(m)?
-27
Let c(x) = 2*x - 8. Let q(r) = 1. Let p(z) = c(z) + 6*q(z). Let u = 32 + -39. What is p(u)?
-16
Let d(k) be the third derivative of 1/120*k**5 + 0*k - 6*k**2 + 0 + 5/6*k**3 + 0*k**4. Let r(u) be the first derivative of d(u). Calculate r(2).
2
Suppose -3*p + 16 = -7*p. Let v(y) be the first derivative of 1/4*y**4 - 3/2*y**2 + y**3 + 3*y - 2. Determine v(p).
-1
Let g(h) be the third derivative of 1/12*h**5 + 1/120*h**6 - 5/24*h**4 + h**2 + 0*h - 5/6*h**3 + 0. Calculate g(-6).
-11
Let h = -66 + 68. Let z(w) = 0*w**2 - 2*w**2 + 7*w**2 - 6*w**h. Let r be (-1 + 1)/(1 + -2). What is z(r)?
0
Let k = -56 + 59. Suppose -5 = 4*d + k*w, 0 = -4*d + d + 2*w + 9. Let i(l) = 10*l**2. What is i(d)?
10
Suppose -64*h - 20 = -60*h. Let r(n) = 2*n**2 + 12*n + 2. Let l(g) = -g**2 - 6*g - 1. Let q(y) = -5*l(y) - 3*r(y). Determine q(h).
4
Let c(d) = 3 + 3 + d**2 - 5*d + 2 - 7. Let t(m) = -m**3 + 3*m**2 + 4*m + 5. Let n be t(4). Determine c(n).
1
Let z(x) = 2*x**2 + 10*x - 5. Let f = 1 + -6. Let b(h) = -3*h**2 - 15*h + 7. Let k(r) = f*b(r) - 7*z(r). What is k(-3)?
-6
Suppose 4*m - 6*m = -4*l + 30, -l + 12 = -2*m. Suppose -l*q + 12 = -0*q. Let k(s) = -4*s. Give k(q).
-8
Let r(a) = -a - 19. Let o(w) = -2*w - 42. Let i(s) = -4*o(s) + 9*r(s). Let d(p) = 2*p + 3. Let z be d(-4). What is i(z)?
2
Suppose -14*a + 16*a + 38 = 4*c, -5*c + 2*a = -49. Let h(y) = y**3 - 12*y**2 + 11*y + 13. Calculate h(c).
13
Let u(s) = -s**3 + 2*s**2 - 8*s + 7. Let z be u(1). Let h(x) = -3*x + 7. Let o(q) = -10*q + 21. Let t(b) = -7*h(b) + 2*o(b). Calculate t(z).
-7
Let d(r) = -r**2 - 7*r + 9. Let j(o) = -3*o + 12. Let b(v) = -2*v + 13. Let f(y) = -4*b(y) + 3*j(y). Let w be f(-9). Give d(w).
9
Let o(r) be the second derivative of 11*r**3/6 - 3*r**2/2 + 4*r. Let p be o(-3). Let q be 48/p - (-2)/6. Let a(k) = 2*k**2 + 2*k + 1. Calculate a(q).
1
Let z(a) = -a**3 - a**2 - a - 2. Suppose -7 = 2*c - l, -3*c = -2*c + 2*l - 4. Calculate z(c).
4
Let o be (-115)/25 + 84/(-60). Let r(y) = y**3 + 7*y**2 + 4*y - 17. Calculate r(o).
-5
Let i(s) be the second derivative of -s**4/12 - 7*s**3/6 + 11*s**2/2 - 436*s. What is i(-8)?
3
Let t be (-2 - 3)*(-5 + 2). Let c = 15 - t. Suppose -7 = 4*h + 2*y + 3, c = -5*y - 5. Let l(w) = w**3 + 3*w**2 - 2*w + 1. What is l(h)?
9
Let g(a) = -a + 1. Suppose -13*m + 37 + 2 = 0. Give g(m).
-2
Let h(f) be the first derivative of 2*f**2 - 11*f - 8. Give h(5).
9
Let g(d) be the first derivative of 3*d**2 + 4*d + 110. Give g(-3).
-14
Suppose 0*i - 14 = 2*i. Let m(o) be the first derivative of -o**4/4 - 7*o**3/3 + o**2/2 + 2*o + 768. Determine m(i).
-5
Let t(h) = -h**3 + 8*h**2 - 7*h + 7. Let a be 6/(3*(-3)/12). Let x be 12/a*2/3. Let s = 8 + x. What is t(s)?
7
Let k(a) be the third derivative of 0 - 1/24*a**4 + 0*a + 18*a**2 - 2*a**3. Let q = -16 + 10. Determine k(q).
-6
Let l = 16 - 20. Let t(f) = -3*f + 6. Let y(b) = -b + 1. Let z(d) = l*y(d) + t(d). Give z(4).
6
Let i be (-55)/22*(-6)/5. Suppose 0 = -i*f + 10 + 5. Let n be f/(0/3 + 1). Let v(w) = w**3 - 5*w**2 - w + 2. Calculate v(n).
-3
Let m(w) = -20*w**2 + w + 9. Let y(j) = 7*j**2 - 3. Let d(g) = -6*m(g) - 17*y(g). Let x = 8 - 5. Suppose x*a + 0*a = 15. Determine d(a).
-